- 3*y = -0*y + 346, 2*y = -4. List the prime factors of b.
2, 5, 17
Suppose 0 = 8*j - 12*j + 656. What are the prime factors of j?
2, 41
Let p(d) = -d**3 + 3*d**2 + 2*d - 3. Let c be p(3). Let j = c - 2. Suppose 2*v + b = 4, -2*v - v - j = 5*b. What are the prime factors of v?
3
Let k = -2 + 3. Let z be (3*k)/(-3 + 4). Suppose 4*i - z = 3*i. What are the prime factors of i?
3
Let o(l) = 7*l + 10. Let w(h) = 13*h + 21. Let n(q) = -11*o(q) + 6*w(q). List the prime factors of n(-7).
3
Let q(n) = 4*n**2 - 17*n + 14. List the prime factors of q(6).
2, 7
Let h(f) = f**2 - f - 24. List the prime factors of h(-10).
2, 43
Suppose 22*y - 21*y = 448. List the prime factors of y.
2, 7
Let h = 0 + 2. Suppose -h*g - 7 = l - 0, -l = -5*g. Let v(f) = 3*f**2 + 1. What are the prime factors of v(g)?
2
Let y(a) = -a**3 + 2*a**2 + 4*a + 1. Let v be y(3). Suppose 0*d + 65 = 5*d. Suppose -v*f = -d - 3. List the prime factors of f.
2
Let w(o) = 2*o + 3. Let p(a) = a**2 - 3*a - 7. Let u be p(5). List the prime factors of w(u).
3
Let r = 7 - 4. Suppose -4*s + 59 = m + 4*m, -r = 3*m. Let f = s + -8. What are the prime factors of f?
2
Suppose 4*z - 39 = 85. Let h(o) = 44*o**2 + 2*o + 1. Let a be h(-1). Let u = a - z. List the prime factors of u.
2, 3
What are the prime factors of 836/10 + (-4)/(-10)?
2, 3, 7
Suppose 0 = 3*s + l - 306, -6*l + 306 = 3*s - 2*l. List the prime factors of s.
2, 3, 17
Let m = -38 - -82. What are the prime factors of m?
2, 11
Suppose 23 = 9*a - 8*a. List the prime factors of a.
23
Let s(n) = 29*n**3 - n**2 + n + 1. Let a be s(-1). Let d be (-5)/a - 13/6. What are the prime factors of d/((-20)/(-11) + -2)?
11
Suppose -6 = -2*p - 2*l, 3*p + 0*l = -l - 1. Let m = p - -25. What are the prime factors of m?
23
Suppose -3 - 9 = -4*t. Let g(d) = 6*d - 5. What are the prime factors of g(t)?
13
What are the prime factors of -7 + 10 - -117 - (-1 - 1)?
2, 61
Let n = -66 + 92. What are the prime factors of n?
2, 13
Let v(c) = 4*c**2 - 7*c + 3. What are the prime factors of v(3)?
2, 3
Let q(y) = -y - 1. Let d(r) = 7*r + 1. Let k(g) = -d(g) - 6*q(g). Let v be k(-6). Let h = -7 + v. List the prime factors of h.
2
What are the prime factors of (-7)/(28/8) + 50?
2, 3
Suppose 0 = 2*o - 4 - 98. What are the prime factors of o?
3, 17
Let w = 9 - 1. Suppose -3*q + w*q - 50 = 0. List the prime factors of q.
2, 5
Suppose u = 5*i - 32, -2*i - 2*u - 2*u = -26. List the prime factors of i.
7
Suppose -3*n = -8 - 4. Let v be 2*(-2)/n*5. List the prime factors of (-5)/(-2)*(-6)/v.
3
Suppose -4*m + 5*m = 8. What are the prime factors of 444/22 + m/(-44)?
2, 5
Suppose -3*g + g = -8. Suppose 7 = g*w - 1. Suppose 4*r = -o - 0*r - 14, 0 = 3*o - w*r - 28. What are the prime factors of o?
2, 3
Suppose 14 = c - 4*d, c - 2*d = 3*c + 12. Let y be c/(-7) - 12/42. Suppose 17 = 4*q + t, 3*q - 3*t = -y*q - 6. List the prime factors of q.
3
Let u(z) = z - 4. Let a be u(-11). Let d = a + 33. List the prime factors of d.
2, 3
Let u(x) = 15*x**3 - x**2 - 4. What are the prime factors of u(2)?
2, 7
Let u = -144 + 254. What are the prime factors of u?
2, 5, 11
Let z(b) = 6*b - 1. What are the prime factors of z(1)?
5
Suppose 5*p + 0*y - 60 = 5*y, 2*y - 16 = -2*p. Let l = 37 - p. Let b = -19 + l. List the prime factors of b.
2
Suppose -4*v = v - 15. Suppose -2*r = v*m - 57, 2*r - 5*r - 95 = -5*m. List the prime factors of m.
19
Suppose -5*z + 54 = 2*a, -166 = -5*a + 5*z - 2*z. List the prime factors of a.
2
Suppose -23 = 3*y + 16. Let c = y - -39. What are the prime factors of c?
2, 13
Let w(n) = -11*n + 2. Let b be ((-5)/(20/16))/2. What are the prime factors of w(b)?
2, 3
Suppose 0 = d + d + 28. Let a(o) = -o + 18. Let s be a(-16). Let u = s + d. What are the prime factors of u?
2, 5
Let s = 26 + -9. Suppose 0 = 2*k - 3*k - 2*c - 14, c + s = -3*k. Let p = 10 + k. List the prime factors of p.
2, 3
Suppose 0 = 3*y - 2*y - 77. Let i = y + -50. Suppose 3*a - 6 = i. What are the prime factors of a?
11
Suppose -3*x + 2*i = -10, 0 = 5*i + 3 - 8. Suppose 0 = 5*g + 5*p - 8 - 22, 0 = 5*g - x*p - 12. What are the prime factors of g?
2
Let w = 0 - 8. Let t = 22 + w. Let n = -3 + t. List the prime factors of n.
11
Suppose 18 + 2 = 5*a. Suppose 0*c = 4*k - 5*c - 136, 4*c + 140 = a*k. What are the prime factors of k?
3, 13
Let q be (-3)/6 + (-2)/(-4). Let b = 2 + q. Suppose b*o = -o + 39. List the prime factors of o.
13
Let y(z) = z**3 - 2*z**2 - 2*z - 1. Let a be y(3). Let i be ((-4)/(-6))/(a/6). Suppose 0 = -i*u + 1 + 11. List the prime factors of u.
2, 3
Suppose 3*z = 4*j + 43, -z - 3*j = -5*j - 15. Let t = z + -9. Suppose 5*w - 16 - 27 = t*l, -3*l - 6 = 0. List the prime factors of w.
7
Let i(h) be the first derivative of h**4/4 + h**2/2 + 17*h - 4. List the prime factors of i(0).
17
Suppose 0 = -3*v - 6*v + 18. What are the prime factors of v?
2
Let w be -3*(-3 - 0/(-1)). Suppose -w = -4*s + s. Suppose -c + s*c = 18. List the prime factors of c.
3
Let j = 39 + -27. List the prime factors of j.
2, 3
Let u(f) = f - 3. Let g be u(4). Let a = g - 12. Let n = -7 - a. What are the prime factors of n?
2
Let w(r) = 2*r + 8. Let y be (1 - 4) + 2 - -9. What are the prime factors of w(y)?
2, 3
List the prime factors of -3*(-1)/1 - -6.
3
Let z be 0 + 61 + (1 - 0). Let s be (3/(-1)*-1)/1. What are the prime factors of z/6 - s/9?
2, 5
Let f(v) = -v - 20. Let j be f(-11). Let z = -24 - -39. Let d = j + z. What are the prime factors of d?
2, 3
Let y be 0 + 1 + (3 - -172). Suppose 4*g - 12 = 0, -y + 14 = -3*q - g. What are the prime factors of q?
53
Suppose 0 = -5*a + 5, 0*y + 5*a = -y + 7. Suppose 20 = y*c + 4*h - 3*h, 0 = -4*h - 8. List the prime factors of c.
11
Let g(m) = m**2 - 16*m - 77. What are the prime factors of g(-11)?
2, 5, 11
What are the prime factors of (24 + -7)/((-2)/(-6))?
3, 17
Let j = 83 + -51. Let i = 50 - j. List the prime factors of i.
2, 3
Let v be 1 + 4/6*3. Suppose -v*j + 34 = 1. What are the prime factors of j?
11
Suppose 6 + 14 = 2*z. Suppose 2*i - z = -3*i. Suppose 0 = 4*p + i*s - 98, -5*s = -3*p - 0*s + 41. List the prime factors of p.
2, 11
Suppose 0*w + 84 = 3*w. List the prime factors of w.
2, 7
Let v = 6 + -4. Let h(k) = k**3 - 6*k**2 - 9*k. Let l be h(7). What are the prime factors of l/(-6) - v/6?
2
Suppose 108 = -3*q - 4*t, -2*q = 2*q - t + 125. Let w = q - -64. What are the prime factors of w?
2
Let q(c) = c**3 - 10*c**2 + 12*c + 12. List the prime factors of q(10).
2, 3, 11
Let t(k) be the third derivative of k**5/60 + 3*k**4/8 + 3*k**3/2 - k**2. Let x be t(-8). Suppose 2*o - x = 11. What are the prime factors of o?
2, 3
Suppose -2*d = -3*p - 0*d + 142, -234 = -5*p + 2*d. What are the prime factors of p?
2, 23
Suppose 0 = j + 3. List the prime factors of (j/6)/((-3)/42).
7
Suppose 0 = 2*l + 3*l - 70. List the prime factors of l.
2, 7
Let m(a) = a**3 - 25*a**2 + 4*a - 16. What are the prime factors of m(25)?
2, 3, 7
Suppose 0 = -120*g + 118*g + 192. What are the prime factors of g?
2, 3
Let r = 4 + -4. Let c = r + 2. Suppose 2*m + f = -f + 38, f + 38 = c*m. What are the prime factors of m?
19
Suppose 9 = -2*k + 61. What are the prime factors of k?
2, 13
Suppose 4*g - 52 = 4*r, -4*r - g + 2*g = 61. Let x = 4 - r. List the prime factors of x.
2, 5
Suppose 56 = s - a - 3*a, -4*a = -2*s + 120. What are the prime factors of s?
2
Let h = -5 - -10. Suppose -5 = -b + h. What are the prime factors of b?
2, 5
Let y(s) = -5*s + 3. Let z be y(3). Let m = z - -5. What are the prime factors of (0 + 0)/3 - m?
7
Suppose -5*v + 358 = 3*k - 635, 0 = -5*k + 4*v + 1618. List the prime factors of k.
2, 163
Suppose -2*i = -2*y - 3*i + 28, -2*i + 28 = 2*y. What are the prime factors of y?
2, 7
Let l(y) = -y**3 + 8*y**2 + 2*y - 8. List the prime factors of l(8).
2
Suppose 8 = g + 5*y, 4*g - y = -3 - 7. Let k be (21/(-6))/(g/(-4)). Let b = 12 + k. List the prime factors of b.
5
Let v = 73 + -40. List the prime factors of v.
3, 11
Let y = -1 + 9. Suppose -y*x + 10*x = 34. List the prime factors of x.
17
Let p = -89 - -273. List the prime factors of p.
2, 23
Let b = -56 - -85. List the prime factors of b.
29
Let h = 131 - 91. List the prime factors of h.
2, 5
Let t = 21 - 10. Let q = t - -14. What are the prime factors of q?
5
Suppose -6 = -3*f, -15*u + 19*u - 1202 = -3*f. What are the prime factors o